{"id":118,"date":"2022-08-31T15:07:37","date_gmt":"2022-08-31T15:07:37","guid":{"rendered":"http:\/\/goldschmiede-lorch.de\/?page_id=118"},"modified":"2022-09-01T07:45:29","modified_gmt":"2022-09-01T07:45:29","slug":"portfolio-single","status":"publish","type":"page","link":"http:\/\/goldschmiede-lorch.de\/?page_id=118","title":{"rendered":"Trau(m)ringe"},"content":{"rendered":"\n<h1 class=\"wp-block-heading\">Trau(m)ringe  <\/h1>\n\n\n\n<div class=\"wp-block-cover alignfull\"><span aria-hidden=\"true\" class=\"wp-block-cover__background has-neve-link-color-background-color has-background-dim-100 has-background-dim\"><\/span><div class=\"wp-block-cover__inner-container is-layout-flow wp-block-cover-is-layout-flow\">\n<div style=\"height:50px\" aria-hidden=\"true\" class=\"wp-block-spacer\"><\/div>\n\n\n\n<div class=\"wp-block-columns is-layout-flex wp-container-core-columns-is-layout-9d6595d7 wp-block-columns-is-layout-flex\">\n<div class=\"wp-block-column is-layout-flow wp-block-column-is-layout-flow\"><div class=\"wp-block-image is-style-rounded\">\n<figure class=\"aligncenter size-large is-resized\"><img loading=\"lazy\" decoding=\"async\" src=\"http:\/\/goldschmiede-lorch.de\/wp-content\/uploads\/2022\/09\/1086FBF7-0EEC-41A4-A283-14BD6864FDAB-1024x1024.jpeg\" alt=\"\" class=\"wp-image-178\" width=\"517\" height=\"517\" srcset=\"http:\/\/goldschmiede-lorch.de\/wp-content\/uploads\/2022\/09\/1086FBF7-0EEC-41A4-A283-14BD6864FDAB-1024x1024.jpeg 1024w, http:\/\/goldschmiede-lorch.de\/wp-content\/uploads\/2022\/09\/1086FBF7-0EEC-41A4-A283-14BD6864FDAB-300x300.jpeg 300w, http:\/\/goldschmiede-lorch.de\/wp-content\/uploads\/2022\/09\/1086FBF7-0EEC-41A4-A283-14BD6864FDAB-150x150.jpeg 150w, http:\/\/goldschmiede-lorch.de\/wp-content\/uploads\/2022\/09\/1086FBF7-0EEC-41A4-A283-14BD6864FDAB-768x768.jpeg 768w, http:\/\/goldschmiede-lorch.de\/wp-content\/uploads\/2022\/09\/1086FBF7-0EEC-41A4-A283-14BD6864FDAB-1536x1536.jpeg 1536w, http:\/\/goldschmiede-lorch.de\/wp-content\/uploads\/2022\/09\/1086FBF7-0EEC-41A4-A283-14BD6864FDAB-2048x2048.jpeg 2048w\" sizes=\"auto, (max-width: 517px) 100vw, 517px\" \/><\/figure>\n<\/div><\/div>\n\n\n\n<div class=\"wp-block-column is-layout-flow wp-block-column-is-layout-flow\">\n<p>Sie planen Ihre Hochzeit &#8211; wir haben die passenden Ringe! <\/p>\n\n\n\n<p>Bei uns nehmen Ihre gemeinsam gefundenen Lebenslinien im Laufe des Dialogs Gestalt an. Dieser kostbare Ausdruck an gemeinsam gefundenem Gl\u00fcck wird bei uns in Form gefasst um die Lebenslinien auf ewig zu verbinden. <\/p>\n\n\n\n<p>Unsere Lebensweg &#8211; Ringe, werden im Feuer verschmolzen, zur Form geschmiedet und sind Ausdruck f\u00fcr die einzigartige Verbindung zwischen zweier Menschen, welche  Ihre Liebe zusammengef\u00fchrt haben. <\/p>\n\n\n\n<p><br>Die pers\u00f6nlichen Lebenslinien eines Paares im Dialog zu einem gemeinsamen Symbol zu kreieren, ist unsere St\u00e4rke. Daraus pers\u00f6nliche und somit aussagestarke Ringe zu schmieden ist unser Talent! <br><\/p>\n\n\n\n<p>Ganz nach unserem Motto: Was wir schmieden &#8211; h\u00e4lt! <\/p>\n<\/div>\n<\/div>\n\n\n\n<div style=\"height:50px\" aria-hidden=\"true\" class=\"wp-block-spacer\"><\/div>\n<\/div><\/div>\n\n\n\n<div style=\"height:100px\" aria-hidden=\"true\" class=\"wp-block-spacer\"><\/div>\n\n\n\n<h1 class=\"wp-block-heading\">Inspiration <\/h1>\n\n\n\n<div class=\"wp-block-cover alignfull\"><span aria-hidden=\"true\" class=\"wp-block-cover__background has-neve-link-hover-color-background-color has-background-dim-100 has-background-dim\"><\/span><div class=\"wp-block-cover__inner-container is-layout-flow wp-block-cover-is-layout-flow\">\n<div style=\"height:50px\" aria-hidden=\"true\" class=\"wp-block-spacer\"><\/div>\n\n\n\n<figure class=\"wp-block-gallery has-nested-images columns-default is-cropped wp-block-gallery-1 is-layout-flex wp-block-gallery-is-layout-flex\">\n<figure class=\"wp-block-image size-large is-style-rounded\"><img loading=\"lazy\" decoding=\"async\" width=\"2560\" height=\"2560\" data-id=\"179\" src=\"http:\/\/goldschmiede-lorch.de\/wp-content\/uploads\/2022\/09\/B8C70974-709C-4196-BC05-8DFE53198E2F-scaled.jpeg\" alt=\"\" class=\"wp-image-179\" srcset=\"http:\/\/goldschmiede-lorch.de\/wp-content\/uploads\/2022\/09\/B8C70974-709C-4196-BC05-8DFE53198E2F-scaled.jpeg 2560w, http:\/\/goldschmiede-lorch.de\/wp-content\/uploads\/2022\/09\/B8C70974-709C-4196-BC05-8DFE53198E2F-300x300.jpeg 300w, http:\/\/goldschmiede-lorch.de\/wp-content\/uploads\/2022\/09\/B8C70974-709C-4196-BC05-8DFE53198E2F-1024x1024.jpeg 1024w, http:\/\/goldschmiede-lorch.de\/wp-content\/uploads\/2022\/09\/B8C70974-709C-4196-BC05-8DFE53198E2F-150x150.jpeg 150w, http:\/\/goldschmiede-lorch.de\/wp-content\/uploads\/2022\/09\/B8C70974-709C-4196-BC05-8DFE53198E2F-768x768.jpeg 768w, http:\/\/goldschmiede-lorch.de\/wp-content\/uploads\/2022\/09\/B8C70974-709C-4196-BC05-8DFE53198E2F-1536x1536.jpeg 1536w, http:\/\/goldschmiede-lorch.de\/wp-content\/uploads\/2022\/09\/B8C70974-709C-4196-BC05-8DFE53198E2F-2048x2048.jpeg 2048w\" sizes=\"auto, (max-width: 2560px) 100vw, 2560px\" \/><\/figure>\n\n\n\n<figure class=\"wp-block-image size-large is-style-rounded\"><img loading=\"lazy\" decoding=\"async\" width=\"1200\" height=\"1200\" data-id=\"180\" src=\"http:\/\/goldschmiede-lorch.de\/wp-content\/uploads\/2022\/09\/6DD6B0B7-4B32-4677-A016-66BB236FF6DD.jpeg\" alt=\"\" class=\"wp-image-180\" srcset=\"http:\/\/goldschmiede-lorch.de\/wp-content\/uploads\/2022\/09\/6DD6B0B7-4B32-4677-A016-66BB236FF6DD.jpeg 1200w, http:\/\/goldschmiede-lorch.de\/wp-content\/uploads\/2022\/09\/6DD6B0B7-4B32-4677-A016-66BB236FF6DD-300x300.jpeg 300w, http:\/\/goldschmiede-lorch.de\/wp-content\/uploads\/2022\/09\/6DD6B0B7-4B32-4677-A016-66BB236FF6DD-1024x1024.jpeg 1024w, http:\/\/goldschmiede-lorch.de\/wp-content\/uploads\/2022\/09\/6DD6B0B7-4B32-4677-A016-66BB236FF6DD-150x150.jpeg 150w, http:\/\/goldschmiede-lorch.de\/wp-content\/uploads\/2022\/09\/6DD6B0B7-4B32-4677-A016-66BB236FF6DD-768x768.jpeg 768w\" sizes=\"auto, (max-width: 1200px) 100vw, 1200px\" \/><\/figure>\n\n\n\n<figure class=\"wp-block-image size-large is-style-rounded\"><img loading=\"lazy\" decoding=\"async\" width=\"1170\" height=\"1170\" data-id=\"181\" src=\"http:\/\/goldschmiede-lorch.de\/wp-content\/uploads\/2022\/09\/7B0031D5-5B84-4BE4-8E80-6E67962F071E.jpeg\" alt=\"\" class=\"wp-image-181\" srcset=\"http:\/\/goldschmiede-lorch.de\/wp-content\/uploads\/2022\/09\/7B0031D5-5B84-4BE4-8E80-6E67962F071E.jpeg 1170w, http:\/\/goldschmiede-lorch.de\/wp-content\/uploads\/2022\/09\/7B0031D5-5B84-4BE4-8E80-6E67962F071E-300x300.jpeg 300w, http:\/\/goldschmiede-lorch.de\/wp-content\/uploads\/2022\/09\/7B0031D5-5B84-4BE4-8E80-6E67962F071E-1024x1024.jpeg 1024w, http:\/\/goldschmiede-lorch.de\/wp-content\/uploads\/2022\/09\/7B0031D5-5B84-4BE4-8E80-6E67962F071E-150x150.jpeg 150w, http:\/\/goldschmiede-lorch.de\/wp-content\/uploads\/2022\/09\/7B0031D5-5B84-4BE4-8E80-6E67962F071E-768x768.jpeg 768w\" sizes=\"auto, (max-width: 1170px) 100vw, 1170px\" \/><\/figure>\n\n\n\n<figure class=\"wp-block-image size-large is-style-rounded\"><img loading=\"lazy\" decoding=\"async\" width=\"2560\" height=\"2560\" data-id=\"182\" src=\"http:\/\/goldschmiede-lorch.de\/wp-content\/uploads\/2022\/09\/33FF36A2-2EB4-4B40-8B95-8A416441130A-scaled.jpeg\" alt=\"\" class=\"wp-image-182\" srcset=\"http:\/\/goldschmiede-lorch.de\/wp-content\/uploads\/2022\/09\/33FF36A2-2EB4-4B40-8B95-8A416441130A-scaled.jpeg 2560w, http:\/\/goldschmiede-lorch.de\/wp-content\/uploads\/2022\/09\/33FF36A2-2EB4-4B40-8B95-8A416441130A-300x300.jpeg 300w, http:\/\/goldschmiede-lorch.de\/wp-content\/uploads\/2022\/09\/33FF36A2-2EB4-4B40-8B95-8A416441130A-1024x1024.jpeg 1024w, http:\/\/goldschmiede-lorch.de\/wp-content\/uploads\/2022\/09\/33FF36A2-2EB4-4B40-8B95-8A416441130A-150x150.jpeg 150w, http:\/\/goldschmiede-lorch.de\/wp-content\/uploads\/2022\/09\/33FF36A2-2EB4-4B40-8B95-8A416441130A-768x768.jpeg 768w, http:\/\/goldschmiede-lorch.de\/wp-content\/uploads\/2022\/09\/33FF36A2-2EB4-4B40-8B95-8A416441130A-1536x1536.jpeg 1536w, http:\/\/goldschmiede-lorch.de\/wp-content\/uploads\/2022\/09\/33FF36A2-2EB4-4B40-8B95-8A416441130A-2048x2048.jpeg 2048w\" sizes=\"auto, (max-width: 2560px) 100vw, 2560px\" \/><\/figure>\n\n\n\n<figure class=\"wp-block-image size-large is-style-rounded\"><img loading=\"lazy\" decoding=\"async\" width=\"2560\" height=\"2560\" data-id=\"183\" src=\"http:\/\/goldschmiede-lorch.de\/wp-content\/uploads\/2022\/09\/FA7C036C-957C-4B96-B337-AC7BAF669A30-scaled.jpeg\" alt=\"\" class=\"wp-image-183\" srcset=\"http:\/\/goldschmiede-lorch.de\/wp-content\/uploads\/2022\/09\/FA7C036C-957C-4B96-B337-AC7BAF669A30-scaled.jpeg 2560w, http:\/\/goldschmiede-lorch.de\/wp-content\/uploads\/2022\/09\/FA7C036C-957C-4B96-B337-AC7BAF669A30-300x300.jpeg 300w, http:\/\/goldschmiede-lorch.de\/wp-content\/uploads\/2022\/09\/FA7C036C-957C-4B96-B337-AC7BAF669A30-1024x1024.jpeg 1024w, http:\/\/goldschmiede-lorch.de\/wp-content\/uploads\/2022\/09\/FA7C036C-957C-4B96-B337-AC7BAF669A30-150x150.jpeg 150w, http:\/\/goldschmiede-lorch.de\/wp-content\/uploads\/2022\/09\/FA7C036C-957C-4B96-B337-AC7BAF669A30-768x768.jpeg 768w, http:\/\/goldschmiede-lorch.de\/wp-content\/uploads\/2022\/09\/FA7C036C-957C-4B96-B337-AC7BAF669A30-1536x1536.jpeg 1536w, http:\/\/goldschmiede-lorch.de\/wp-content\/uploads\/2022\/09\/FA7C036C-957C-4B96-B337-AC7BAF669A30-2048x2048.jpeg 2048w\" sizes=\"auto, (max-width: 2560px) 100vw, 2560px\" \/><\/figure>\n\n\n\n<figure class=\"wp-block-image size-large is-style-rounded\"><img loading=\"lazy\" decoding=\"async\" width=\"2554\" height=\"2554\" data-id=\"184\" src=\"http:\/\/goldschmiede-lorch.de\/wp-content\/uploads\/2022\/09\/7B63B77C-4291-40B0-AEE4-3F96C3DF3992.jpeg\" alt=\"\" class=\"wp-image-184\" srcset=\"http:\/\/goldschmiede-lorch.de\/wp-content\/uploads\/2022\/09\/7B63B77C-4291-40B0-AEE4-3F96C3DF3992.jpeg 2554w, http:\/\/goldschmiede-lorch.de\/wp-content\/uploads\/2022\/09\/7B63B77C-4291-40B0-AEE4-3F96C3DF3992-300x300.jpeg 300w, http:\/\/goldschmiede-lorch.de\/wp-content\/uploads\/2022\/09\/7B63B77C-4291-40B0-AEE4-3F96C3DF3992-1024x1024.jpeg 1024w, http:\/\/goldschmiede-lorch.de\/wp-content\/uploads\/2022\/09\/7B63B77C-4291-40B0-AEE4-3F96C3DF3992-150x150.jpeg 150w, http:\/\/goldschmiede-lorch.de\/wp-content\/uploads\/2022\/09\/7B63B77C-4291-40B0-AEE4-3F96C3DF3992-768x768.jpeg 768w, http:\/\/goldschmiede-lorch.de\/wp-content\/uploads\/2022\/09\/7B63B77C-4291-40B0-AEE4-3F96C3DF3992-1536x1536.jpeg 1536w, http:\/\/goldschmiede-lorch.de\/wp-content\/uploads\/2022\/09\/7B63B77C-4291-40B0-AEE4-3F96C3DF3992-2048x2048.jpeg 2048w\" sizes=\"auto, (max-width: 2554px) 100vw, 2554px\" \/><\/figure>\n\n\n\n<figure class=\"wp-block-image size-large is-style-rounded\"><img loading=\"lazy\" decoding=\"async\" width=\"2560\" height=\"2560\" data-id=\"185\" src=\"http:\/\/goldschmiede-lorch.de\/wp-content\/uploads\/2022\/09\/BEE681C0-BDB4-47C6-B5E4-7945E55F479B-scaled.jpeg\" alt=\"\" class=\"wp-image-185\" srcset=\"http:\/\/goldschmiede-lorch.de\/wp-content\/uploads\/2022\/09\/BEE681C0-BDB4-47C6-B5E4-7945E55F479B-scaled.jpeg 2560w, http:\/\/goldschmiede-lorch.de\/wp-content\/uploads\/2022\/09\/BEE681C0-BDB4-47C6-B5E4-7945E55F479B-300x300.jpeg 300w, http:\/\/goldschmiede-lorch.de\/wp-content\/uploads\/2022\/09\/BEE681C0-BDB4-47C6-B5E4-7945E55F479B-1024x1024.jpeg 1024w, http:\/\/goldschmiede-lorch.de\/wp-content\/uploads\/2022\/09\/BEE681C0-BDB4-47C6-B5E4-7945E55F479B-150x150.jpeg 150w, http:\/\/goldschmiede-lorch.de\/wp-content\/uploads\/2022\/09\/BEE681C0-BDB4-47C6-B5E4-7945E55F479B-768x768.jpeg 768w, http:\/\/goldschmiede-lorch.de\/wp-content\/uploads\/2022\/09\/BEE681C0-BDB4-47C6-B5E4-7945E55F479B-1536x1536.jpeg 1536w, http:\/\/goldschmiede-lorch.de\/wp-content\/uploads\/2022\/09\/BEE681C0-BDB4-47C6-B5E4-7945E55F479B-2048x2048.jpeg 2048w\" sizes=\"auto, (max-width: 2560px) 100vw, 2560px\" \/><\/figure>\n\n\n\n<figure class=\"wp-block-image size-large is-style-rounded\"><img loading=\"lazy\" decoding=\"async\" width=\"2560\" height=\"2560\" data-id=\"186\" src=\"http:\/\/goldschmiede-lorch.de\/wp-content\/uploads\/2022\/09\/52021FCE-BF67-4BF8-ABD6-0BB3A179840F-scaled.jpeg\" alt=\"\" class=\"wp-image-186\" srcset=\"http:\/\/goldschmiede-lorch.de\/wp-content\/uploads\/2022\/09\/52021FCE-BF67-4BF8-ABD6-0BB3A179840F-scaled.jpeg 2560w, http:\/\/goldschmiede-lorch.de\/wp-content\/uploads\/2022\/09\/52021FCE-BF67-4BF8-ABD6-0BB3A179840F-300x300.jpeg 300w, http:\/\/goldschmiede-lorch.de\/wp-content\/uploads\/2022\/09\/52021FCE-BF67-4BF8-ABD6-0BB3A179840F-1024x1024.jpeg 1024w, http:\/\/goldschmiede-lorch.de\/wp-content\/uploads\/2022\/09\/52021FCE-BF67-4BF8-ABD6-0BB3A179840F-150x150.jpeg 150w, http:\/\/goldschmiede-lorch.de\/wp-content\/uploads\/2022\/09\/52021FCE-BF67-4BF8-ABD6-0BB3A179840F-768x768.jpeg 768w, http:\/\/goldschmiede-lorch.de\/wp-content\/uploads\/2022\/09\/52021FCE-BF67-4BF8-ABD6-0BB3A179840F-1536x1536.jpeg 1536w, http:\/\/goldschmiede-lorch.de\/wp-content\/uploads\/2022\/09\/52021FCE-BF67-4BF8-ABD6-0BB3A179840F-2048x2048.jpeg 2048w\" sizes=\"auto, (max-width: 2560px) 100vw, 2560px\" \/><\/figure>\n\n\n\n<figure class=\"wp-block-image size-large is-style-rounded\"><img loading=\"lazy\" decoding=\"async\" width=\"2560\" height=\"2560\" data-id=\"187\" src=\"http:\/\/goldschmiede-lorch.de\/wp-content\/uploads\/2022\/09\/53BB0AC4-8140-499C-8D4B-8AA09F73DE95-scaled.jpeg\" alt=\"\" class=\"wp-image-187\" srcset=\"http:\/\/goldschmiede-lorch.de\/wp-content\/uploads\/2022\/09\/53BB0AC4-8140-499C-8D4B-8AA09F73DE95-scaled.jpeg 2560w, http:\/\/goldschmiede-lorch.de\/wp-content\/uploads\/2022\/09\/53BB0AC4-8140-499C-8D4B-8AA09F73DE95-300x300.jpeg 300w, http:\/\/goldschmiede-lorch.de\/wp-content\/uploads\/2022\/09\/53BB0AC4-8140-499C-8D4B-8AA09F73DE95-1024x1024.jpeg 1024w, http:\/\/goldschmiede-lorch.de\/wp-content\/uploads\/2022\/09\/53BB0AC4-8140-499C-8D4B-8AA09F73DE95-150x150.jpeg 150w, http:\/\/goldschmiede-lorch.de\/wp-content\/uploads\/2022\/09\/53BB0AC4-8140-499C-8D4B-8AA09F73DE95-768x768.jpeg 768w, http:\/\/goldschmiede-lorch.de\/wp-content\/uploads\/2022\/09\/53BB0AC4-8140-499C-8D4B-8AA09F73DE95-1536x1536.jpeg 1536w, http:\/\/goldschmiede-lorch.de\/wp-content\/uploads\/2022\/09\/53BB0AC4-8140-499C-8D4B-8AA09F73DE95-2048x2048.jpeg 2048w\" sizes=\"auto, (max-width: 2560px) 100vw, 2560px\" \/><\/figure>\n<\/figure>\n\n\n\n<div style=\"height:50px\" aria-hidden=\"true\" class=\"wp-block-spacer\"><\/div>\n<\/div><\/div>\n","protected":false},"excerpt":{"rendered":"<p>Trau(m)ringe Inspiration<\/p>\n","protected":false},"author":1,"featured_media":0,"parent":0,"menu_order":0,"comment_status":"closed","ping_status":"closed","template":"","meta":{"neve_meta_sidebar":"default","neve_meta_container":"","neve_meta_enable_content_width":"on","neve_meta_content_width":100,"neve_meta_title_alignment":"","neve_meta_author_avatar":"","neve_post_elements_order":"","neve_meta_disable_header":"","neve_meta_disable_footer":"","neve_meta_disable_title":"on","_ti_tpc_template_sync":false,"_ti_tpc_template_id":"","footnotes":""},"class_list":["post-118","page","type-page","status-publish","hentry"],"_links":{"self":[{"href":"http:\/\/goldschmiede-lorch.de\/index.php?rest_route=\/wp\/v2\/pages\/118","targetHints":{"allow":["GET"]}}],"collection":[{"href":"http:\/\/goldschmiede-lorch.de\/index.php?rest_route=\/wp\/v2\/pages"}],"about":[{"href":"http:\/\/goldschmiede-lorch.de\/index.php?rest_route=\/wp\/v2\/types\/page"}],"author":[{"embeddable":true,"href":"http:\/\/goldschmiede-lorch.de\/index.php?rest_route=\/wp\/v2\/users\/1"}],"replies":[{"embeddable":true,"href":"http:\/\/goldschmiede-lorch.de\/index.php?rest_route=%2Fwp%2Fv2%2Fcomments&post=118"}],"version-history":[{"count":5,"href":"http:\/\/goldschmiede-lorch.de\/index.php?rest_route=\/wp\/v2\/pages\/118\/revisions"}],"predecessor-version":[{"id":205,"href":"http:\/\/goldschmiede-lorch.de\/index.php?rest_route=\/wp\/v2\/pages\/118\/revisions\/205"}],"wp:attachment":[{"href":"http:\/\/goldschmiede-lorch.de\/index.php?rest_route=%2Fwp%2Fv2%2Fmedia&parent=118"}],"curies":[{"name":"wp","href":"https:\/\/api.w.org\/{rel}","templated":true}]}}